{"id":2075,"date":"2026-04-29T12:55:30","date_gmt":"2026-04-29T12:55:30","guid":{"rendered":"https:\/\/feldbahn.org\/?page_id=2075"},"modified":"2026-04-29T12:55:30","modified_gmt":"2026-04-29T12:55:30","slug":"betriebsgebaeude","status":"publish","type":"page","link":"https:\/\/feldbahn.org\/?page_id=2075","title":{"rendered":"Betriebsgeb\u00e4ude"},"content":{"rendered":"\n<h2 class=\"wp-block-heading\">Betriebsgeb\u00e4ude<\/h2>\n\n\n\n<p>Zentraler Betriebsmittelpunkt mit ca. 500 qm Grundfl\u00e4che ist das Betriebsgeb\u00e4ude mit den Funktionen Werkstatt, Lager, Sozialr\u00e4ume und Bibliothek geworden. Im Erdgeschoss dieser ehemaligen Bekleidungskammer der Kaserne Gellendorf befinden sich die Werkr\u00e4ume, Sozial- und Versammlungsr\u00e4ume sowie die Bibliothek. Das Kellergeschoss ist \u00fcber Rampen befahrbar und beherbergt das Ersatzteillager und Nebenwerkst\u00e4tten. Das Dachgeschoss bietet sich dar\u00fcber hinaus noch f\u00fcr eine Nutzung an.<\/p>\n\n\n\n<p>Dem Geb\u00e4ude vorgelagert ist ein ca. 7.500qm gro\u00dfer asphaltierter Lagerplatz, der zu Zeiten der Kaserne als Appellplatz genutzt wurde. Heute dient der Platz als Au\u00dfen-Arbeitsplatz (z.B. f\u00fcr den Gleisbau), als Besucherparkplatz und als Gleislager.<\/p>\n\n\n\n<figure class=\"wp-block-image size-full\"><img loading=\"lazy\" decoding=\"async\" width=\"1024\" height=\"768\" src=\"https:\/\/feldbahn.org\/wp-content\/uploads\/2026\/04\/01_Mehrzweckgebaeude-Rampenseite_klein-1024x768-1.jpg\" alt=\"\" class=\"wp-image-653\" srcset=\"https:\/\/feldbahn.org\/wp-content\/uploads\/2026\/04\/01_Mehrzweckgebaeude-Rampenseite_klein-1024x768-1.jpg 1024w, https:\/\/feldbahn.org\/wp-content\/uploads\/2026\/04\/01_Mehrzweckgebaeude-Rampenseite_klein-1024x768-1-300x225.jpg 300w, https:\/\/feldbahn.org\/wp-content\/uploads\/2026\/04\/01_Mehrzweckgebaeude-Rampenseite_klein-1024x768-1-768x576.jpg 768w\" sizes=\"auto, (max-width: 1024px) 100vw, 1024px\" \/><\/figure>\n","protected":false},"excerpt":{"rendered":"<p>Betriebsgeb\u00e4ude Zentraler Betriebsmittelpunkt mit ca. 500 qm Grundfl\u00e4che ist das Betriebsgeb\u00e4ude mit den Funktionen Werkstatt, Lager, Sozialr\u00e4ume und Bibliothek geworden. [&hellip;]<\/p>\n","protected":false},"author":1,"featured_media":0,"parent":0,"menu_order":0,"comment_status":"closed","ping_status":"closed","template":"","meta":{"site-sidebar-layout":"default","site-content-layout":"","ast-site-content-layout":"default","site-content-style":"default","site-sidebar-style":"default","ast-global-header-display":"","ast-banner-title-visibility":"","ast-main-header-display":"","ast-hfb-above-header-display":"","ast-hfb-below-header-display":"","ast-hfb-mobile-header-display":"","site-post-title":"disabled","ast-breadcrumbs-content":"","ast-featured-img":"","footer-sml-layout":"","ast-disable-related-posts":"","theme-transparent-header-meta":"","adv-header-id-meta":"","stick-header-meta":"","header-above-stick-meta":"","header-main-stick-meta":"","header-below-stick-meta":"","astra-migrate-meta-layouts":"default","ast-page-background-enabled":"default","ast-page-background-meta":{"desktop":{"background-color":"var(--ast-global-color-5)","background-image":"","background-repeat":"repeat","background-position":"center center","background-size":"auto","background-attachment":"scroll","background-type":"","background-media":"","overlay-type":"","overlay-color":"","overlay-opacity":"","overlay-gradient":""},"tablet":{"background-color":"","background-image":"","background-repeat":"repeat","background-position":"center center","background-size":"auto","background-attachment":"scroll","background-type":"","background-media":"","overlay-type":"","overlay-color":"","overlay-opacity":"","overlay-gradient":""},"mobile":{"background-color":"","background-image":"","background-repeat":"repeat","background-position":"center center","background-size":"auto","background-attachment":"scroll","background-type":"","background-media":"","overlay-type":"","overlay-color":"","overlay-opacity":"","overlay-gradient":""}},"ast-content-background-meta":{"desktop":{"background-color":"var(--ast-global-color-4)","background-image":"","background-repeat":"repeat","background-position":"center center","background-size":"auto","background-attachment":"scroll","background-type":"","background-media":"","overlay-type":"","overlay-color":"","overlay-opacity":"","overlay-gradient":""},"tablet":{"background-color":"var(--ast-global-color-4)","background-image":"","background-repeat":"repeat","background-position":"center center","background-size":"auto","background-attachment":"scroll","background-type":"","background-media":"","overlay-type":"","overlay-color":"","overlay-opacity":"","overlay-gradient":""},"mobile":{"background-color":"var(--ast-global-color-4)","background-image":"","background-repeat":"repeat","background-position":"center center","background-size":"auto","background-attachment":"scroll","background-type":"","background-media":"","overlay-type":"","overlay-color":"","overlay-opacity":"","overlay-gradient":""}},"footnotes":""},"class_list":["post-2075","page","type-page","status-publish","hentry"],"_links":{"self":[{"href":"https:\/\/feldbahn.org\/index.php?rest_route=\/wp\/v2\/pages\/2075","targetHints":{"allow":["GET"]}}],"collection":[{"href":"https:\/\/feldbahn.org\/index.php?rest_route=\/wp\/v2\/pages"}],"about":[{"href":"https:\/\/feldbahn.org\/index.php?rest_route=\/wp\/v2\/types\/page"}],"author":[{"embeddable":true,"href":"https:\/\/feldbahn.org\/index.php?rest_route=\/wp\/v2\/users\/1"}],"replies":[{"embeddable":true,"href":"https:\/\/feldbahn.org\/index.php?rest_route=%2Fwp%2Fv2%2Fcomments&post=2075"}],"version-history":[{"count":1,"href":"https:\/\/feldbahn.org\/index.php?rest_route=\/wp\/v2\/pages\/2075\/revisions"}],"predecessor-version":[{"id":2076,"href":"https:\/\/feldbahn.org\/index.php?rest_route=\/wp\/v2\/pages\/2075\/revisions\/2076"}],"wp:attachment":[{"href":"https:\/\/feldbahn.org\/index.php?rest_route=%2Fwp%2Fv2%2Fmedia&parent=2075"}],"curies":[{"name":"wp","href":"https:\/\/api.w.org\/{rel}","templated":true}]}}

Betriebsgebäude

<h2 class="wp-block-heading">Betriebsgebäude</h2>



<p>Zentraler Betriebsmittelpunkt mit ca. 500 qm Grundfläche ist das Betriebsgebäude mit den Funktionen Werkstatt, Lager, Sozialräume und Bibliothek geworden. Im Erdgeschoss dieser ehemaligen Bekleidungskammer der Kaserne Gellendorf befinden sich die Werkräume, Sozial- und Versammlungsräume sowie die Bibliothek. Das Kellergeschoss ist über Rampen befahrbar und beherbergt das Ersatzteillager und Nebenwerkstätten. Das Dachgeschoss bietet sich darüber hinaus noch für eine Nutzung an.</p>



<p>Dem Gebäude vorgelagert ist ein ca. 7.500qm großer asphaltierter Lagerplatz, der zu Zeiten der Kaserne als Appellplatz genutzt wurde. Heute dient der Platz als Außen-Arbeitsplatz (z.B. für den Gleisbau), als Besucherparkplatz und als Gleislager.</p>



<figure class="wp-block-image size-full"><img loading="lazy" decoding="async" width="1024" height="768" src="https://feldbahn.org/wp-content/uploads/2026/04/01_Mehrzweckgebaeude-Rampenseite_klein-1024x768-1.jpg" alt="" class="wp-image-653" srcset="https://feldbahn.org/wp-content/uploads/2026/04/01_Mehrzweckgebaeude-Rampenseite_klein-1024x768-1.jpg 1024w, https://feldbahn.org/wp-content/uploads/2026/04/01_Mehrzweckgebaeude-Rampenseite_klein-1024x768-1-300x225.jpg 300w, https://feldbahn.org/wp-content/uploads/2026/04/01_Mehrzweckgebaeude-Rampenseite_klein-1024x768-1-768x576.jpg 768w" sizes="auto, (max-width: 1024px) 100vw, 1024px" /></figure>

<p>Betriebsgebäude Zentraler Betriebsmittelpunkt mit ca. 500 qm Grundfläche ist das Betriebsgebäude mit den Funktionen Werkstatt, Lager, Sozialräume und Bibliothek geworden. [&hellip;]</p>
