{"id":2046,"date":"2026-04-29T11:57:54","date_gmt":"2026-04-29T11:57:54","guid":{"rendered":"https:\/\/feldbahn.org\/?page_id=2046"},"modified":"2026-04-29T11:58:25","modified_gmt":"2026-04-29T11:58:25","slug":"im-ehrenamt","status":"publish","type":"page","link":"https:\/\/feldbahn.org\/?page_id=2046","title":{"rendered":"&#8230; im Ehrenamt"},"content":{"rendered":"\n<h2 class=\"wp-block-heading\">&#8230; im Ehrenamt<\/h2>\n\n\n\n<p>Die wichtigste Ressource im Verein sind die ehrenamtlichen Mitarbeiter des Vereins. Unabh\u00e4ngig von einer Vereinsmitgliedschaft engagieren sich die Aktiven mit viel Motivation f\u00fcr den Aufbau des M\u00fcnsterl\u00e4ndischen Feldbahnmuseum, weil sie hierin einen wichtigen Beitrag zur Bewahrung der Industrie- und Transportgeschichte des M\u00fcnsterlandes sehen und die Aktivit\u00e4ten auch vielf\u00e4ltiges Erfahrungspotential f\u00fcr handwerkliche und pers\u00f6nliche Weiterentwicklung bietet. Die Mitarbeiter bringen engagiert ihr Talent und ihre Freude am Gestalten ein, um Feldbahnen zu erhalten, zu restaurieren, die Sammlung auszubauen und wirksam zu pr\u00e4sentieren.<\/p>\n\n\n\n<p>Das, was wir tun, kann man als Arbeit bezeichnen. Aber es f\u00fchlt sich anders an. Wir sollten uns kennenlernen, wenn sie sich in unseren Themenfeldern wiederfinden. Denn wir suchen:<\/p>\n\n\n\n<ul class=\"wp-block-list\">\n<li>Handwerklich Interessierte mit einem Herz f\u00fcr Metall, Holz, Bau und Farben, die nach getaner Arbeit gerne mit einem Erfolgserlebnis nach Hause fahren<\/li>\n\n\n\n<li>Organisationstalente, denen das Organisieren von Transporten, Ersatzteilen, Zeichnungen etc. Freude bereitet<\/li>\n\n\n\n<li>Geschichtsinteressierte, die die Feldbahngeschichte des M\u00fcnsterlandes durch Literatur- und Archivrecherchen und durch Interviews von Zeitzeugen festhalten oder publizieren m\u00f6chten. <\/li>\n\n\n\n<li>Vielleicht wollten Sie auch immer mal Lokf\u00fchrer werden; bei uns geht das! <\/li>\n<\/ul>\n\n\n\n<p>Nobody is perfect, deshalb gilt das Interesse am Tun und eine gewisse Kontinuit\u00e4t als einzige Voraussetzung f\u00fcr Freude an den alten Feldbahnen. Die notwendigen Handfertigkeiten erlernen sie mit unserer Unterst\u00fctzung.<\/p>\n\n\n\n<figure class=\"wp-block-image size-large\"><img loading=\"lazy\" decoding=\"async\" width=\"1024\" height=\"768\" src=\"https:\/\/feldbahn.org\/wp-content\/uploads\/2026\/04\/2025-Team2-2048x1536-1-1024x768.jpg\" alt=\"\" class=\"wp-image-51\" srcset=\"https:\/\/feldbahn.org\/wp-content\/uploads\/2026\/04\/2025-Team2-2048x1536-1-1024x768.jpg 1024w, https:\/\/feldbahn.org\/wp-content\/uploads\/2026\/04\/2025-Team2-2048x1536-1-300x225.jpg 300w, https:\/\/feldbahn.org\/wp-content\/uploads\/2026\/04\/2025-Team2-2048x1536-1-768x576.jpg 768w, https:\/\/feldbahn.org\/wp-content\/uploads\/2026\/04\/2025-Team2-2048x1536-1-1536x1152.jpg 1536w, https:\/\/feldbahn.org\/wp-content\/uploads\/2026\/04\/2025-Team2-2048x1536-1.jpg 2048w\" sizes=\"auto, (max-width: 1024px) 100vw, 1024px\" \/><figcaption class=\"wp-element-caption\">Die Aktiven freuen sich auf Verst\u00e4rkung\u2026<\/figcaption><\/figure>\n\n\n\n<p><\/p>\n","protected":false},"excerpt":{"rendered":"<p>&#8230; im Ehrenamt Die wichtigste Ressource im Verein sind die ehrenamtlichen Mitarbeiter des Vereins. Unabh\u00e4ngig von einer Vereinsmitgliedschaft engagieren sich [&hellip;]<\/p>\n","protected":false},"author":1,"featured_media":0,"parent":0,"menu_order":0,"comment_status":"closed","ping_status":"closed","template":"","meta":{"site-sidebar-layout":"default","site-content-layout":"","ast-site-content-layout":"default","site-content-style":"default","site-sidebar-style":"default","ast-global-header-display":"","ast-banner-title-visibility":"","ast-main-header-display":"","ast-hfb-above-header-display":"","ast-hfb-below-header-display":"","ast-hfb-mobile-header-display":"","site-post-title":"disabled","ast-breadcrumbs-content":"","ast-featured-img":"","footer-sml-layout":"","ast-disable-related-posts":"","theme-transparent-header-meta":"","adv-header-id-meta":"","stick-header-meta":"","header-above-stick-meta":"","header-main-stick-meta":"","header-below-stick-meta":"","astra-migrate-meta-layouts":"default","ast-page-background-enabled":"default","ast-page-background-meta":{"desktop":{"background-color":"var(--ast-global-color-5)","background-image":"","background-repeat":"repeat","background-position":"center center","background-size":"auto","background-attachment":"scroll","background-type":"","background-media":"","overlay-type":"","overlay-color":"","overlay-opacity":"","overlay-gradient":""},"tablet":{"background-color":"","background-image":"","background-repeat":"repeat","background-position":"center center","background-size":"auto","background-attachment":"scroll","background-type":"","background-media":"","overlay-type":"","overlay-color":"","overlay-opacity":"","overlay-gradient":""},"mobile":{"background-color":"","background-image":"","background-repeat":"repeat","background-position":"center center","background-size":"auto","background-attachment":"scroll","background-type":"","background-media":"","overlay-type":"","overlay-color":"","overlay-opacity":"","overlay-gradient":""}},"ast-content-background-meta":{"desktop":{"background-color":"var(--ast-global-color-4)","background-image":"","background-repeat":"repeat","background-position":"center center","background-size":"auto","background-attachment":"scroll","background-type":"","background-media":"","overlay-type":"","overlay-color":"","overlay-opacity":"","overlay-gradient":""},"tablet":{"background-color":"var(--ast-global-color-4)","background-image":"","background-repeat":"repeat","background-position":"center center","background-size":"auto","background-attachment":"scroll","background-type":"","background-media":"","overlay-type":"","overlay-color":"","overlay-opacity":"","overlay-gradient":""},"mobile":{"background-color":"var(--ast-global-color-4)","background-image":"","background-repeat":"repeat","background-position":"center center","background-size":"auto","background-attachment":"scroll","background-type":"","background-media":"","overlay-type":"","overlay-color":"","overlay-opacity":"","overlay-gradient":""}},"footnotes":""},"class_list":["post-2046","page","type-page","status-publish","hentry"],"_links":{"self":[{"href":"https:\/\/feldbahn.org\/index.php?rest_route=\/wp\/v2\/pages\/2046","targetHints":{"allow":["GET"]}}],"collection":[{"href":"https:\/\/feldbahn.org\/index.php?rest_route=\/wp\/v2\/pages"}],"about":[{"href":"https:\/\/feldbahn.org\/index.php?rest_route=\/wp\/v2\/types\/page"}],"author":[{"embeddable":true,"href":"https:\/\/feldbahn.org\/index.php?rest_route=\/wp\/v2\/users\/1"}],"replies":[{"embeddable":true,"href":"https:\/\/feldbahn.org\/index.php?rest_route=%2Fwp%2Fv2%2Fcomments&post=2046"}],"version-history":[{"count":3,"href":"https:\/\/feldbahn.org\/index.php?rest_route=\/wp\/v2\/pages\/2046\/revisions"}],"predecessor-version":[{"id":2049,"href":"https:\/\/feldbahn.org\/index.php?rest_route=\/wp\/v2\/pages\/2046\/revisions\/2049"}],"wp:attachment":[{"href":"https:\/\/feldbahn.org\/index.php?rest_route=%2Fwp%2Fv2%2Fmedia&parent=2046"}],"curies":[{"name":"wp","href":"https:\/\/api.w.org\/{rel}","templated":true}]}}